 v is divided by 55?
52
Suppose 0 = -3*q + 6*q - 4*p - 40, 0 = -2*q - 3*p + 21. Suppose -6*a = -2*a - q, 60 = 5*i + 5*a. Calculate the remainder when i is divided by 3.
0
Suppose 2*m = -5*z - 2*m + 23, -2*m - 6 = 0. Suppose 0 = -i - 3*i, 2*r + 3*i - 36 = 0. Calculate the remainder when r is divided by z.
4
Suppose 0 = 11*y - 3*y - 144. What is the remainder when 35 is divided by y?
17
Let n = -46 + 115. Let m = n + -140. What is the remainder when m/(-5) - 1/5 is divided by 8?
6
Let z = 40 - 24. Calculate the remainder when ((-7)/2 + 3)*-62 is divided by z.
15
Suppose -5 = -2*f + 1. Let g = f - 1. Suppose -g*m + 29 = -21. What is the remainder when m is divided by 13?
12
Let x = -29 + 43. Let g(m) = -9*m + 12. Let h(w) = 6*w - 8. Let y(d) = 5*g(d) + 7*h(d). What is the remainder when y(-7) is divided by x?
11
Suppose 11*n = -3*n + 154. Let a = 0 - -6. Calculate the remainder when n is divided by a.
5
Let t = 5 - 2. Suppose 0 = -4*a - t*q + 91, 19 = -0*a + a + 2*q. What is the remainder when a is divided by 13?
12
Let v(j) = 2*j**2 + 2*j - 6. Calculate the remainder when (-3 - (-3 + 0)) + 33 is divided by v(-4).
15
Let k = -4 + 21. What is the remainder when 46 is divided by k?
12
Let x be 398/(-5) - 4/10. Let l(s) = -s**2 - 20*s + 13. Let j be l(-9). Let c = x + j. Calculate the remainder when c is divided by 11.
10
What is the remainder when 19 is divided by 1/2*-4 - (-4 - 2)?
3
Suppose -3 = r - 5*i - 22, -17 = -3*r - 5*i. Calculate the remainder when r is divided by 5.
4
Let b = 33 - -30. Let n = -25 + b. Calculate the remainder when n is divided by 8.
6
What is the remainder when 13 is divided by (-8 + 3)/(-1 - 0)?
3
Suppose b = -3*b + 8. Suppose -3*i = -b*i - 11. What is the remainder when 19 is divided by i?
8
What is the remainder when (-4)/(-1)*(-102)/(-8) is divided by 18?
15
Let g = -6 - -8. Suppose -g*n = n - 9. Let t = 1 - -3. What is the remainder when t is divided by n?
1
Let m(t) = -t**3 - 4*t**2 - 2*t. Let q be m(-3). What is the remainder when 2 is divided by ((-8)/(-6))/((-2)/q)?
0
Suppose 0 + 42 = -2*l. Calculate the remainder when 59 is divided by (-2)/(2 - l/(-10)).
19
Suppose d - 9 = 10. What is the remainder when d is divided by 9?
1
Let i(v) = -v**3 - v**2 - 3*v - 4. Let u(f) = -3*f + 2. Suppose 4*y + 6 + 2 = 0. What is the remainder when i(-3) is divided by u(y)?
7
Let x(a) = a**3 - 5*a**2 - 5*a - 3. Let z be x(6). Suppose 13 = z*v - 2*v. What is the remainder when 23 is divided by v?
10
Let t = 5 - 1. Suppose -2*a + 5*h = 18, 0 = 4*a - 5*a + t*h - 15. Let p = -2 - -3. What is the remainder when p is divided by a?
0
Let w(d) = d**3 + 9*d**2 + 3*d - 5. Suppose -5*a + 105 = 5*k, -27 = -k + 5*a - 0. Calculate the remainder when w(-6) is divided by k.
19
Let r = 6 + -3. Suppose -3*z + 5*a + 66 = 0, -4*z + 17 = -r*a - 60. Calculate the remainder when ((-31)/2)/((-1)/2) is divided by z.
14
What is the remainder when 0*1/2 - -13 is divided by 0 - (1 + 10*(-3)/6)?
1
Let u = 7 - -12. Suppose -42 = -3*t + 4*c - c, 2*t + c = u. What is the remainder when 42 is divided by t?
9
Suppose 5*p = 4*p - 6. Let s(f) = 4*f**2 + f**2 - 8*f - 6*f**2 + 0*f**2. What is the remainder when s(p) is divided by 7?
5
Let n(k) = 5*k**2 + 9*k + 3. What is the remainder when n(-5) is divided by 21?
20
Calculate the remainder when (174/(-9))/((-2)/9) is divided by 22.
21
Let n = -39 - -141. What is the remainder when n is divided by 13?
11
Let n be (-82)/(-8) + (-1)/4. Let r be (-4)/(-6) - 657/(-27). Let i = r - n. Calculate the remainder when 59 is divided by i.
14
Let q(p) = -3*p**2 - 30*p + 16. Let u(d) = 2*d**2 + 20*d - 11. Let g(k) = 5*q(k) + 7*u(k). What is the remainder when g(-5) is divided by 10?
8
Let h(x) = -2*x - 28. Calculate the remainder when 56 is divided by h(-20).
8
Let v(z) = z**3 + z**2 - z + 1. Let m be v(0). What is the remainder when (m + -2)/1*-3 is divided by 2?
1
Let y(r) = -8*r**3 + 2*r**2 + 2*r + 1. Calculate the remainder when y(-2) is divided by (6/(-8))/(2/(-64)).
21
Suppose 0 = 55*c - 54*c - 20. Calculate the remainder when 59 is divided by c.
19
Suppose -m = f - 40, -45 = -m + f - 1. Calculate the remainder when 83 is divided by m.
41
What is the remainder when 16 + -15 - 2/(6/(-579)) is divided by 15?
14
Let q(t) = 6*t**2 + 2*t - 3. Let s be q(-4). Let p = 120 - s. What is the remainder when p is divided by 12?
11
Suppose 4*b - 3*v = -23, 5*v = 4*b - 0*v + 33. Let s be (0 - -1)*(1 + b). What is the remainder when 1*-8*s*4 is divided by 17?
15
Suppose 3*h + 4*d + 19 = -0*h, 0 = h + 2*d + 9. Let t be 2 + (h + 2 - 1). Suppose -t*v + 0*v = -8. What is the remainder when v is divided by 3?
1
Let k be (-1*1)/((-6)/192). Suppose -5*r + 8 = -k. What is the remainder when 15 is divided by r?
7
Let d(s) = -6*s + 7. Suppose n = 4*h + 6*n - 39, -4*n - 4 = 0. What is the remainder when d(-6) is divided by h?
10
Let b(m) = -11*m + 7. What is the remainder when b(-9) is divided by 37?
32
Let w = 29 - 23. What is the remainder when 35 is divided by w?
5
Let l(q) = -2*q + 7. Let u be 14/5 - (-4)/20. Suppose 2*k - 4*k + 26 = -2*t, -u*t = -2*k + 29. Calculate the remainder when l(-6) is divided by k.
9
Suppose 3*g + 3*p + 39 = 0, g - p = -14 + 3. Let k = g + 19. Let x(r) = r**3 - 6*r**2 + r - 2. Calculate the remainder when x(k) is divided by 14.
12
Suppose 16*l - 100 = 11*l. Calculate the remainder when 59 is divided by l.
19
Calculate the remainder when 66 is divided by (-1)/(2 - 47/23).
20
Let f = -55 + 83. Calculate the remainder when (1 + 2)*f/3 is divided by 15.
13
Let m(x) = -79*x - 1. Let i be m(1). Let n = 83 + -45. What is the remainder when n is divided by ((-1)/2)/(2/i)?
18
Suppose 31 = 2*n + 3*n + 2*d, 0 = 2*n + 5*d - 4. Calculate the remainder when 21 is divided by n.
0
What is the remainder when 48 is divided by 1/(-3)*1 - (-1116)/108?
8
What is the remainder when 3 is divided by (9/3)/((-6)/(-4))?
1
Let r(j) = -j**3 - 11*j**2 + 12*j + 11. Calculate the remainder when r(-12) is divided by 7.
4
Calculate the remainder when 58 is divided by (12/(-16))/(0 + (-1)/28).
16
Let f(r) = -2*r - 6. Let k be f(-5). Suppose k*v = v + 39. Let g(y) = y**2 - 5*y - 1. What is the remainder when v is divided by g(6)?
3
Suppose -b + 154 = q, b - 750 = -9*q + 4*q. What is the remainder when q is divided by 50?
49
Let n(t) = t**3 + 10*t**2 + 13*t - 1. Calculate the remainder when n(-8) is divided by 7.
2
Suppose -8 + 24 = 2*l. Calculate the remainder when 20 is divided by l.
4
Let t = -48 - -131. Calculate the remainder when t is divided by 24.
11
Suppose -s - 1980 = 4*s. Let p be s/8*8/(-6). Suppose 66 + p = 3*k. What is the remainder when k is divided by 15?
14
Let a be -2*((-2)/(-4) + -1). Suppose 2 = -2*g, 3*g = -b + 4 - a. Let x(v) = -3*v + 1. What is the remainder when b is divided by x(-1)?
2
Suppose 7*j - 14 = -0*j. Calculate the remainder when j is divided by (-2)/4*(3 + -5).
0
Suppose 3*f + l = 1, 2*l + 2*l + 10 = -5*f. Suppose 0*q = f*q - 54. What is the remainder when q is divided by 14?
13
Suppose 2*o - 4 = -46. What is the remainder when 7*(72/o)/(-2) is divided by 5?
2
Suppose -2*v - 28 + 108 = 4*f, -5*f = -2*v - 109. What is the remainder when 60 is divided by f?
18
Let d = 77 + -15. Suppose -2*i + 50 = -2*s - d, 4*i - 200 = -4*s. Calculate the remainder when i is divided by 18.
17
Let u(b) be the third derivative of b**5/60 + 13*b**4/24 + 7*b**3/3 - b**2. What is the remainder when u(-12) is divided by 2?
0
Suppose 0 = -12*r + 79 + 389. Calculate the remainder when r is divided by 24.
15
Let n(b) = -b**2 - b + 2. Let i be n(0). Suppose f = -2*r + i, -2*f + 5 = 1. What is the remainder when 2*1*(11 - r) is divided by 12?
10
Let f = 0 + -5. Let l = 4 + 7. Calculate the remainder when 2/f - 212/(-5) is divided by l.
9
Let i(w) = w**3 - 19*w**2 + 17*w + 32. Calculate the remainder when 24 is divided by i(18).
10
Let t = 6 - 4. Let f be (t/(-4))/(3/(-66)). Suppose -3*x + 2 = -4*g + 1, 3*x = 2*g + f. What is the remainder when 20 is divided by x?
6
Let a(k) = -68*k - 2. What is the remainder when a(-1) is divided by 23?
20
Let t = 32 - 30. Calculate the remainder when 6 is divided by t.
0
Let m be ((-3)/2)/((-12)/(-112)). Let q = 34 + m. Let h = q + -9. What is the remainder when 30 is divided by h?
8
Let y = -34 - -47. Suppose -